{"id":112178,"date":"2025-04-03T03:15:21","date_gmt":"2025-04-03T01:15:21","guid":{"rendered":"http:\/\/192.168.1.25\/aiditec\/aiditec2025\/?page_id=112178"},"modified":"2025-04-06T23:52:03","modified_gmt":"2025-04-06T21:52:03","slug":"calculo-del-indice-de-riesgo","status":"publish","type":"page","link":"https:\/\/aiditecsystems.com\/srv\/calculo-del-indice-de-riesgo\/","title":{"rendered":"C\u00e1lculo del \u00edndice de riesgo"},"content":{"rendered":"\n<p><strong>Las normativas UNE 21186, NFC 17102 y NP 4426 contienen un m\u00e9todo de evaluaci\u00f3n del riesgo de ca\u00edda de rayo, extra\u00eddo de la normativa internacional IEC 62.305-2, que determina los sistemas de protecci\u00f3n necesarios. El siguiente programa es una versi\u00f3n simplificada y automatizada de dicho m\u00e9todo, a fin de hacerlo m\u00e1s accesible para todo el mundo. En caso de requerirse un c\u00e1lculo m\u00e1s preciso, o de estructuras m\u00e1s complejas, p\u00f3ngase en contacto con nosotros.<\/strong><\/p>\n\n\n\n<p><strong>Las normativas antes mencionadas recogen 3 par\u00e1metros para el c\u00e1lculo del \u00edndice de riesgo:<\/strong><\/p>\n\n\n\n<ul class=\"wp-block-list\">\n<li>El n\u00famero de sucesos peligrosos al a\u00f1o.<\/li>\n\n\n\n<li>La probabilidad de da\u00f1os en una estructura.<\/li>\n\n\n\n<li>Las p\u00e9rdidas derivadas en caso de producirse da\u00f1os.<\/li>\n<\/ul>\n\n\n\n<p>1. Los <strong>sucesos peligrosos<\/strong> se dividen en 4 tipos, seg\u00fan como pueden alcanzar la estructura:<\/p>\n\n\n\n<ul class=\"wp-block-list\">\n<li>Sucesos en la estructura.<\/li>\n\n\n\n<li>Sucesos cerca de la estructura.<\/li>\n\n\n\n<li>Sucesos en las l\u00edneas el\u00e9ctricas que afectan a la estructura.<\/li>\n\n\n\n<li>Sucesos cerca de las l\u00edneas el\u00e9ctricas que afectan a la estructura.<\/li>\n<\/ul>\n\n\n\n<p>2. La <strong>probabilidad de da\u00f1os<\/strong> se reparte entre tres par\u00e1metros:<\/p>\n\n\n\n<ul class=\"wp-block-list\">\n<li>Lesiones directas a seres vivos.<\/li>\n\n\n\n<li>Da\u00f1os f\u00edsicos a la estructura.<\/li>\n\n\n\n<li>Da\u00f1os a los sistemas el\u00e9ctricos y electr\u00f3nicos.<\/li>\n<\/ul>\n\n\n\n<p>3. Las <strong>p\u00e9rdidas<\/strong> se reparten en 4 tipos:<\/p>\n\n\n\n<ul class=\"wp-block-list\">\n<li>P\u00e9rdidas humanas.<\/li>\n\n\n\n<li>P\u00e9rdidas de servicio.<\/li>\n\n\n\n<li>P\u00e9rdidas de patrimonio cultural.<\/li>\n\n\n\n<li>P\u00e9rdidas econ\u00f3micas.<\/li>\n<\/ul>\n\n\n\n<p><strong>La protecci\u00f3n contra el rayo es necesaria cuando el riesgo calculado supera al riesgo tolerable recogido en las normativas.<\/strong><\/p>\n","protected":false},"excerpt":{"rendered":"<p>Las normativas UNE 21186, NFC 17102 y NP 4426 contienen un m\u00e9todo de evaluaci\u00f3n del riesgo&#8230;<\/p>\n","protected":false},"author":2,"featured_media":0,"parent":0,"menu_order":4,"comment_status":"closed","ping_status":"closed","template":"templates\/cir.php","meta":{"_acf_changed":false,"footnotes":""},"class_list":["post-112178","page","type-page","status-publish","hentry"],"acf":[],"_links":{"self":[{"href":"https:\/\/aiditecsystems.com\/srv\/wp-json\/wp\/v2\/pages\/112178","targetHints":{"allow":["GET"]}}],"collection":[{"href":"https:\/\/aiditecsystems.com\/srv\/wp-json\/wp\/v2\/pages"}],"about":[{"href":"https:\/\/aiditecsystems.com\/srv\/wp-json\/wp\/v2\/types\/page"}],"author":[{"embeddable":true,"href":"https:\/\/aiditecsystems.com\/srv\/wp-json\/wp\/v2\/users\/2"}],"replies":[{"embeddable":true,"href":"https:\/\/aiditecsystems.com\/srv\/wp-json\/wp\/v2\/comments?post=112178"}],"version-history":[{"count":4,"href":"https:\/\/aiditecsystems.com\/srv\/wp-json\/wp\/v2\/pages\/112178\/revisions"}],"predecessor-version":[{"id":114261,"href":"https:\/\/aiditecsystems.com\/srv\/wp-json\/wp\/v2\/pages\/112178\/revisions\/114261"}],"wp:attachment":[{"href":"https:\/\/aiditecsystems.com\/srv\/wp-json\/wp\/v2\/media?parent=112178"}],"curies":[{"name":"wp","href":"https:\/\/api.w.org\/{rel}","templated":true}]}}